ivative of -i**5/60 + i**4/4 - i**3 - 3*i**2. What is f(c)?
-1
Suppose -14 = -0*b - 2*b. Let r = 12 - b. Suppose -2*p - 4 = -2*l, 3 = -r*l - 5*p + 13. Let i(a) = -a**3 + a**2 + a + 1. Determine i(l).
-1
Suppose -22 - 8 = -2*s. Suppose 4*u - 9 = s. Let g(t) = -t**2 + 4*t + 8. Determine g(u).
-4
Let z(c) be the second derivative of -c**3/6 - c**2/2 + 13*c. Determine z(-3).
2
Let q(t) = -t**3 - t**2 + 2*t - 1. Let o(f) = f**2 + 12*f + 15. Let c be o(-11). Suppose c*m + 2 = -2*g, 0 = 3*m - g - 7 - 4. Determine q(m).
-9
Let s(f) = 3*f - 2. Suppose -8 = 37*a - 41*a. Determine s(a).
4
Suppose 26 = -2*v + 4*f, 6*v + 37 = v + 3*f. Let m(z) = -3*z - 6. Determine m(v).
9
Let v(z) = -2*z - 11. Let y(o) = -o - 6. Let c(b) = 4*v(b) - 9*y(b). Calculate c(0).
10
Let p(f) = f**3 + 4*f**2 - 1. Let j = -15 - -13. Let w be 11/33*18/j. Calculate p(w).
8
Let c(y) = -y**2 - 15*y - 26. Let b be c(-13). Let x(w) = w**2 + w - 16. Determine x(b).
-16
Let r = -14/9 + 17/9. Let c(l) be the second derivative of 3*l**2 - l + 0 - r*l**3. Calculate c(5).
-4
Let p(j) = -2 + 3*j - 4*j - 5*j - 2*j**2. Let r(y) = y**3 + 8*y**2 - y - 5. Let k be r(-8). Suppose -l + q = l + 7, k*q - 1 = l. Determine p(l).
-10
Let r be (4 - 2) + (-1 - -3). Suppose 2*f + 15 = -3*p - 13, f - 3*p - r = 0. Let i be 11/(-4) - (-2)/f. Let n(s) = -s**2 - 2*s - 3. Calculate n(i).
-6
Let u(n) = -17*n - 1. Suppose -7*b + 9*b + 2 = 0. Determine u(b).
16
Let z be (-4)/24 + (-10)/12. Let r be (z - -1)*(-3)/(-6). Let a be r + -3 - -1*4. Let p(v) = 3*v**3 + v**2. Give p(a).
4
Let z(j) = j**2 - j - 5*j + 4*j - 4. Let p be (3/2)/((-1)/(-2)). Determine z(p).
-1
Let w(g) = -g**3 + 5*g**2 - 2*g + 7. Suppose 0 = l - 3. Suppose c - 23 = -5*h, -3*c = -l*h + 4*h + 1. Calculate w(h).
-3
Let d(j) = -j. Suppose 5 = -2*k + 13. Suppose -3*y - k = g, -3*g - y - 12 = y. Determine d(g).
4
Let t(s) = 13*s - 22*s + 4*s + 13*s. Determine t(-2).
-16
Let n(j) = -2*j**2 - 10*j + j - 5*j**2 + 8*j**2 + 8. Give n(8).
0
Let g(a) = a**3 - 4*a**2 - 2. Suppose 2*x = r - 0*x - 6, 2*x + 2 = 0. Calculate g(r).
-2
Let q(c) = -c**3 - 13*c**2 - 13*c + 1. Let w(k) = k**3 + 14*k**2 + 14*k - 1. Let o(j) = 7*q(j) + 6*w(j). What is o(-5)?
-14
Suppose 4*x + g - 4 = 0, 3*x + 2*g = -g + 12. Let f(z) be the first derivative of -1/3*z**3 - 1 - 5*z + 1/2*z**2. Calculate f(x).
-5
Let k be 0 + (-5)/((-15)/(-6)). Let o(r) = -r + 1. Determine o(k).
3
Let k(i) = -i**2 - i - 1. Let s(g) = -2*g**2 - 2. Let z(u) = -3*k(u) + 2*s(u). Suppose 2*f = -x + 9, 0*f - 2*x = -4*f + 14. Determine z(f).
-5
Let c(t) be the second derivative of t**4/12 - t**3/6 - t**2 - 4*t. Calculate c(-2).
4
Let m(u) be the second derivative of u**5/4 - u**4/12 - u**3/2 - u**2/2 - 11*u. Let v(j) = 6*j**3 - 4*j - 2. Let p(l) = -5*m(l) + 4*v(l). Calculate p(3).
12
Let b(h) = -h**3 + 7*h**2 - 5*h - 4. Let o be 1/(2/(-72)*-6). Give b(o).
2
Let s(i) = 1 - 2 + 1 + 2 + i. Determine s(0).
2
Let i(d) be the second derivative of d**5/120 + 7*d**4/24 - d**3/2 + 2*d. Let m(x) be the second derivative of i(x). Determine m(-6).
1
Let g(t) = 11*t - 8. Let j(u) = 7*u - 5. Suppose -3*l + d = -20, -6*d = 5*l - d - 60. Let x(f) = l*j(f) - 5*g(f). Let a be (-2 + 2 + 4)/2. What is x(a)?
2
Let z(m) = -3*m**3 + 4*m**2 - 2*m - 5. Let l(v) = 7*v**3 - 9*v**2 + 4*v + 11. Let k(r) = 4*l(r) + 9*z(r). Calculate k(2).
3
Let t(o) = 0*o + 0*o - 2*o**2 + o**2 - 6 - o. Let i = 1 - 1. Let g = i + 0. Give t(g).
-6
Let v = 8 + -5. Let f(x) = -2*x**2 + 0*x**v + x**3 - 1 + 0*x**3. Let q be (-4 + 0)*-1 - 2. Determine f(q).
-1
Let z = 1 - 1. Let t(j) = -3*j + 1 + 1 + z. What is t(4)?
-10
Let l = 66 - 63. Let a(i) = 2*i**2 - 4*i - 1. What is a(l)?
5
Let g = -42 - -29. Let b = g - -13. Let a(s) = s**3 - s**2 + 10. What is a(b)?
10
Let c(a) = -a**2 - 4*a + 2. Let y be -21*2/9 + 4/6. Give c(y).
2
Let z = -5 - -9. Suppose -z*n - u + 5 = 0, 3 = u - 2. Let i(g) = -g - 1. Give i(n).
-1
Suppose -2*o - 9 = 3. Let s be o/((3/2)/(-1)). Let n(d) be the first derivative of -d**3/3 + d**2 + 4*d - 37. Give n(s).
-4
Let z(s) = 7*s**3 - 3*s**2 + 4. Let h(w) = -4*w**3 + w**2 - 2. Let n be (1 + 0 + -2)*0. Suppose 2*r - 4 - 6 = n. Let l(a) = r*h(a) + 3*z(a). Calculate l(3).
-7
Let p(f) = -4*f + 2. Suppose 0 = 4*r - 9*r + 5. Suppose 2*u - 3 = r. Determine p(u).
-6
Let o(f) = f**3 + 12*f**2 - f + 4. Let j be o(-12). Suppose -h = -3*u - j, -2*u - 24 = h + h. Let y(g) = -g**3 - 8*g**2 - 6*g + 4. Calculate y(u).
-3
Let n(x) = -9 + 11*x - 5 - 1 - x**2 + 0. Calculate n(10).
-5
Let b = 16 + -16. Let p(f) be the second derivative of b*f**2 + 2/3*f**3 + f + 1/12*f**4 + 0. Give p(-5).
5
Let y(a) = a - 1. Let w(q) = q**2 - 12*q + 8. Let k be w(11). Calculate y(k).
-4
Let c(n) be the first derivative of n**4/4 + n**3/3 + n**2/2 + 8*n + 7. Determine c(0).
8
Let y(s) = -s**3 + 13*s**2 - 6*s - 1. Let c(u) = u**3 - 12*u**2 + 5*u + 1. Let n(i) = 7*c(i) + 6*y(i). Suppose 3 = k - 3. Give n(k).
-5
Let r be (-18)/5 + 4/(-10). Let p(o) = 5*o**2 - 15*o + 6. Let q(m) = -3*m**2 + 10*m - 4. Let c(a) = 5*p(a) + 8*q(a). Determine c(r).
-6
Let a(s) be the second derivative of -s**3/6 - 7*s**2/2 + 11*s - 2. Give a(6).
-13
Let y(s) = 1 - 2 + 2 + 4*s**2 - 2*s. Suppose 0 = -0*r - 2*r + 2. Determine y(r).
3
Let r(v) = -1 + 3*v + 4*v**2 - 5*v**2 + 2*v**2. Let w be (1/(-2))/(2/20). What is r(w)?
9
Let a(t) = 7*t - 19. Let j(b) = -4*b + 10. Let r(x) = -3*a(x) - 5*j(x). Calculate r(6).
1
Let p(b) be the first derivative of -b**2/2 + 4*b + 2. Let m(n) = n**2 + 3*n + 3. Let f be m(-4). Let x(i) = -i + 7. Let o be x(f). Determine p(o).
4
Let x = -7 + 11. Suppose 5*r = x*r. Let c(d) = -d + 6. Determine c(r).
6
Let y(s) be the third derivative of -s**6/120 + 11*s**5/60 - s**4/12 + 8*s**3/3 + 50*s**2. Calculate y(11).
-6
Suppose -2*z + 15 - 3 = 0. Let w(m) = m**2 - 9*m + 7. What is w(z)?
-11
Let f = 17 - 28. Let z(v) = v + 2. Let m(o) = 4*o + 11. Let j(d) = f*z(d) + 2*m(d). What is j(-1)?
3
Suppose 2*x - x - 4*p + 13 = 0, 3*p = 15. Let b(g) = g**2 - 9*g + 1. Determine b(x).
-13
Let s(w) = -w**2 - 2*w + 0*w**2 + 6*w + 1. Let t(j) = -2*j - 18. Let c be t(-11). Give s(c).
1
Suppose 4 - 14 = -2*r. Suppose 7*m - 2*m - r = 0. Let g(o) = 2*o. Give g(m).
2
Suppose -p = 4*p + 5. Let r(h) = -2*h - 4. Let l be r(-3). Let c(w) = w + 1 - w**2 + 2*w**2 - l*w**2 + 3*w**2. Give c(p).
2
Let j(s) = s - 4. Suppose 25 - 7 = 3*p. Calculate j(p).
2
Let t(c) = c**2. Let n be t(2). Let z(m) = m + 3. What is z(n)?
7
Let u(m) = -m**3 - m + 5. Let z be u(0). Suppose -8 - 2 = z*c. Let h(j) = -2*j + j**2 - 5*j**2 - j. Calculate h(c).
-10
Let v(d) = -4*d - 1. Let s(p) = 4*p. Let m(z) = 4*s(z) + 3*v(z). What is m(2)?
5
Let h(j) = j**2 - 3. Let k be h(4). Let n = 24 - k. Let g be 3*-1 + (n - 5). Let o(q) = -q**3 + 2*q**2 + 5*q - 2. Determine o(g).
4
Let o be (-9)/7 - (-8)/28. Let a be ((-2)/(3 + -2))/o. Let n(d) = -2*d. Calculate n(a).
-4
Let x(i) = i**3 - 4*i**2 + i - 4. Let u(c) = c**2 + 1. Let m(v) = 5*u(v) + x(v). Calculate m(-2).
-5
Let t(n) be the third derivative of 7*n**5/30 - n**4/24 + n**3/6 - 2*n**2. Let v = -218 - -219. Calculate t(v).
14
Let n(t) = -t**2 + t. Let z(w) = 4 + 5*w**2 + 0*w + w - 2 - 8*w. Let q(r) = -6*n(r) - z(r). Give q(-3).
4
Let t(c) be the third derivative of -c**6/12 - c**3/6 + 13*c**2. Calculate t(-1).
9
Let c(y) = -2*y - 7. Suppose 3*h + i + 14 = 0, -3*h - 2*i - 30 = -5*i. Calculate c(h).
5
Let q(b) = b - 7. Let z(g) = g**3 - 15*g**2 + 14*g + 4. Let s be z(14). What is q(s)?
-3
Let n(q) be the second derivative of q**5/20 - 5*q**4/12 + q**3/3 + 2*q**2 + 3*q. Suppose -3 = -2*x + x. Give n(x).
-8
Let y(r) = -4*r**2 + 0*r + 5*r**2 - 4*r. Calculate y(4).
0
Let m = -11 + 15. Let t(x) = 2*x - 1. Give t(m).
7
Suppose 0 = -2*h + 2*s + 16 + 2, h - 4*s - 21 = 0. Let b(r) = -r**2 + 3*r + 6. Determine b(h).
-4
Let t(g) be the first derivative of -g**4/4 + 4*g**3/3 - g**2/2 - 4*g - 6. Give t(3).
2
Let n(o) = -o**2 + 2*o + 5. Let u be (-240)/25*(-10)/3. Let w = -28 + u. What is n(w)?
-3
Let r(u) = -9*u**2 + 12*u - 14. Let c(i) = i**2 + 6. Let w be c(0). Let v(d) = -5*d**2 + 6*d - 7. Let k(x) = w*r(x) - 11*v(x). Calculate k(-7).
0
Let p(l) = 3*l - 1. Let y(r) be the third derivative of -r**4/8 + r**3/6 + 3*r**2. Let c = 3 - 6. Let z(u) = c*p(u) - 2*y(u). What is z(1)?
-2
Suppose -5*c + 36 + 38 = -2*x, -64 = -4